{"id":184,"date":"2023-12-12T18:44:17","date_gmt":"2023-12-12T23:44:17","guid":{"rendered":"https:\/\/disijeans.com.co\/?page_id=184"},"modified":"2025-08-08T16:13:58","modified_gmt":"2025-08-08T21:13:58","slug":"politicas-de-envios-y-devoluciones","status":"publish","type":"page","link":"https:\/\/disijeans.com.co\/?page_id=184","title":{"rendered":"Pol\u00edticas de env\u00edos y devoluciones"},"content":{"rendered":"\t\t<div data-elementor-type=\"wp-page\" data-elementor-id=\"184\" class=\"elementor elementor-184\" data-elementor-settings=\"{&quot;ha_cmc_init_switcher&quot;:&quot;no&quot;}\" data-elementor-post-type=\"page\">\n\t\t\t\t<div class=\"elementor-element elementor-element-3dc013b e-flex e-con-boxed e-con e-parent\" data-id=\"3dc013b\" data-element_type=\"container\" data-e-type=\"container\" id=\"arriba\" data-settings=\"{&quot;background_background&quot;:&quot;classic&quot;,&quot;jet_parallax_layout_list&quot;:[]}\">\n\t\t\t\t\t<div class=\"e-con-inner\">\n\t\t\t\t<div class=\"elementor-element elementor-element-7b22fc1 elementor-widget elementor-widget-heading\" data-id=\"7b22fc1\" data-element_type=\"widget\" data-e-type=\"widget\" data-widget_type=\"heading.default\">\n\t\t\t\t<div class=\"elementor-widget-container\">\n\t\t\t\t\t<h1 class=\"elementor-heading-title elementor-size-default\">Pol\u00edticas de Devoluci\u00f3n<\/h1>\t\t\t\t<\/div>\n\t\t\t\t<\/div>\n\t\t\t\t\t<\/div>\n\t\t\t\t<\/div>\n\t\t<div class=\"elementor-element elementor-element-dfcbadf e-flex e-con-boxed e-con e-parent\" data-id=\"dfcbadf\" data-element_type=\"container\" data-e-type=\"container\" data-settings=\"{&quot;jet_parallax_layout_list&quot;:[]}\">\n\t\t\t\t\t<div class=\"e-con-inner\">\n\t\t\t\t<div class=\"elementor-element elementor-element-3c0cf17 elementor-widget elementor-widget-text-editor\" data-id=\"3c0cf17\" data-element_type=\"widget\" data-e-type=\"widget\" data-widget_type=\"text-editor.default\">\n\t\t\t\t<div class=\"elementor-widget-container\">\n\t\t\t\t\t\t\t\t\t<p>En Disi Jeans, nos esforzamos por garantizar la satisfacci\u00f3n de nuestros clientes. Si por alguna raz\u00f3n no est\u00e1s completamente satisfecho\/a con tu compra, ofrecemos una pol\u00edtica de devoluci\u00f3n flexible. A continuaci\u00f3n, detallamos nuestras condiciones y procesos de devoluci\u00f3n:<\/p><h4>Condiciones Generales:<\/h4><h5>1. Plazo de Devoluci\u00f3n:<\/h5><ul><li>Tienes un plazo de 30 d\u00edas a partir de la fecha de entrega para devolver tu compra.\u2028<\/li><\/ul><h5>2. Estado del Producto:<\/h5><ul><li>El art\u00edculo debe estar en su estado original, sin usar, con todas las etiquetas y accesorios adjuntos.<\/li><\/ul><h5>3. Exclusiones:<\/h5><ul><li>No aceptamos devoluciones de productos personalizados o modificados seg\u00fan las especificaciones del cliente, a menos que haya defectos de fabricaci\u00f3n.<\/li><\/ul><h4>Proceso de Devoluci\u00f3n:\u2028<\/h4><h5>1. Notificaci\u00f3n:<\/h5><ul><li>Antes de devolver un producto, por favor notif\u00edcanos por correo electr\u00f3nico a (hola@disijeans.com.co) con el n\u00famero de orden y una breve descripci\u00f3n del motivo de la devoluci\u00f3n.\u2028<\/li><\/ul><h5>2. Instrucciones de Devoluci\u00f3n:<\/h5><ul><li>Te proporcionaremos instrucciones detalladas sobre c\u00f3mo realizar la devoluci\u00f3n y la direcci\u00f3n a la que debes enviar el art\u00edculo.\u2028<\/li><\/ul><h5>3. Inspecci\u00f3n y Aprobaci\u00f3n:<\/h5><ul><li>Una vez recibamos el producto devuelto, lo inspeccionaremos para asegurarnos de que cumple con nuestras condiciones de devoluci\u00f3n. Una vez aprobada, procesaremos el reembolso o el cambio seg\u00fan corresponda.\u2028<\/li><\/ul><h4>Reembolsos y Cambios:<\/h4><h5>1. Reembolsos:<\/h5><ul><li>Los reembolsos se realizar\u00e1n mediante el mismo m\u00e9todo de pago utilizado en la compra original y se procesar\u00e1n tan pronto como se apruebe la devoluci\u00f3n.\u2028<\/li><\/ul><h5>2. Cambios:<\/h5><ul><li>Si prefieres un cambio de producto, te enviaremos el nuevo art\u00edculo tan pronto como se complete el proceso de devoluci\u00f3n y aprobaci\u00f3n.\u2028<\/li><\/ul><p>\u00a0<\/p><p><span style=\"color: #a04e2d;\">Gastos de Env\u00edo:<\/span> Los gastos de env\u00edo originales no son reembolsables, a menos que la devoluci\u00f3n sea el resultado de un error por parte de Disi Jeans.\u2028<\/p><p>Estamos comprometidos a hacer que tu experiencia de compra sea lo m\u00e1s f\u00e1cil y satisfactoria posible. Si tienes alguna pregunta o necesitas m\u00e1s asistencia, no dudes en ponerte en contacto con nuestro equipo de atenci\u00f3n al cliente en (hola@disijeans.com.co).<\/p><h4><span style=\"color: #7f94b4;\">\u00a1Gracias por elegir Disi Jeans!<\/span><\/h4>\t\t\t\t\t\t\t\t<\/div>\n\t\t\t\t<\/div>\n\t\t\t\t<div class=\"elementor-element elementor-element-803bb4c elementor-align-left elementor-widget elementor-widget-button\" data-id=\"803bb4c\" data-element_type=\"widget\" data-e-type=\"widget\" data-widget_type=\"button.default\">\n\t\t\t\t<div class=\"elementor-widget-container\">\n\t\t\t\t\t\t\t\t\t<div class=\"elementor-button-wrapper\">\n\t\t\t\t\t<a class=\"elementor-button elementor-button-link elementor-size-sm\" href=\"https:\/\/disijeans.com.co\">\n\t\t\t\t\t\t<span class=\"elementor-button-content-wrapper\">\n\t\t\t\t\t\t\t\t\t<span class=\"elementor-button-text\">Volver<\/span>\n\t\t\t\t\t<\/span>\n\t\t\t\t\t<\/a>\n\t\t\t\t<\/div>\n\t\t\t\t\t\t\t\t<\/div>\n\t\t\t\t<\/div>\n\t\t\t\t\t<\/div>\n\t\t\t\t<\/div>\n\t\t\t\t<\/div>\n\t\t","protected":false},"excerpt":{"rendered":"<p>Pol\u00edticas de Devoluci\u00f3n En Disi Jeans, nos esforzamos por garantizar la satisfacci\u00f3n de nuestros clientes. Si por alguna raz\u00f3n no est\u00e1s completamente satisfecho\/a con tu compra, ofrecemos una pol\u00edtica de devoluci\u00f3n flexible. A continuaci\u00f3n, detallamos nuestras condiciones y procesos de devoluci\u00f3n: Condiciones Generales: 1. Plazo de Devoluci\u00f3n: Tienes un plazo de 30 d\u00edas a partir [&hellip;]<\/p>\n","protected":false},"author":1,"featured_media":0,"parent":0,"menu_order":0,"comment_status":"closed","ping_status":"closed","template":"","meta":{"footnotes":""},"class_list":["post-184","page","type-page","status-publish","hentry"],"_links":{"self":[{"href":"https:\/\/disijeans.com.co\/index.php?rest_route=\/wp\/v2\/pages\/184","targetHints":{"allow":["GET"]}}],"collection":[{"href":"https:\/\/disijeans.com.co\/index.php?rest_route=\/wp\/v2\/pages"}],"about":[{"href":"https:\/\/disijeans.com.co\/index.php?rest_route=\/wp\/v2\/types\/page"}],"author":[{"embeddable":true,"href":"https:\/\/disijeans.com.co\/index.php?rest_route=\/wp\/v2\/users\/1"}],"replies":[{"embeddable":true,"href":"https:\/\/disijeans.com.co\/index.php?rest_route=%2Fwp%2Fv2%2Fcomments&post=184"}],"version-history":[{"count":26,"href":"https:\/\/disijeans.com.co\/index.php?rest_route=\/wp\/v2\/pages\/184\/revisions"}],"predecessor-version":[{"id":6472,"href":"https:\/\/disijeans.com.co\/index.php?rest_route=\/wp\/v2\/pages\/184\/revisions\/6472"}],"wp:attachment":[{"href":"https:\/\/disijeans.com.co\/index.php?rest_route=%2Fwp%2Fv2%2Fmedia&parent=184"}],"curies":[{"name":"wp","href":"https:\/\/api.w.org\/{rel}","templated":true}]}}