{"id":4431,"date":"2024-09-23T16:12:36","date_gmt":"2024-09-23T21:12:36","guid":{"rendered":"https:\/\/disijeans.com.co\/?post_type=product&#038;p=4431"},"modified":"2025-09-10T11:02:37","modified_gmt":"2025-09-10T16:02:37","slug":"jean-bota-recta-tono-medio","status":"publish","type":"product","link":"https:\/\/disijeans.com.co\/?product=jean-bota-recta-tono-medio","title":{"rendered":"Jean Mom fit"},"content":{"rendered":"<p>Jean Mom Fit b\u00e1sico tipo slouchy de algod\u00f3n premium, cinco bolsillos y Tiro alto. su silueta amplia que proporciona un look relajado y moderno, mientras que su Cintura m\u00e1s ancha para mayor comodidad y estilo desenfadado. Composici\u00f3n: 100 % algod\u00f3n<\/p>\n<p>La modelo mide: 1,63 m y esta usando talla 6.<\/p>\n","protected":false},"excerpt":{"rendered":"<p>Jean bota recta b\u00e1sico tipo slouchy de algod\u00f3n premium, cinco bolsillos y Tiro alto. su silueta amplia que proporciona un look relajado y moderno, mientras que su Cintura m\u00e1s ancha para mayor comodidad y estilo desenfadado.<\/p>\n","protected":false},"featured_media":4619,"comment_status":"closed","ping_status":"closed","template":"","meta":[],"product_brand":[],"product_cat":[21,48,47,27,80,113,22],"product_tag":[],"class_list":{"0":"post-4431","1":"product","2":"type-product","3":"status-publish","4":"has-post-thumbnail","6":"product_cat-mujer","7":"product_cat-bota-ancha","8":"product_cat-bota-recta","9":"product_cat-jeans-y-pantalones","10":"product_cat-mom-fit","11":"product_cat-pierna-ancha","12":"product_cat-sales","14":"first","15":"instock","16":"sale","17":"shipping-taxable","18":"purchasable","19":"product-type-variable"},"jetpack_sharing_enabled":true,"_links":{"self":[{"href":"https:\/\/disijeans.com.co\/index.php?rest_route=\/wp\/v2\/product\/4431","targetHints":{"allow":["GET"]}}],"collection":[{"href":"https:\/\/disijeans.com.co\/index.php?rest_route=\/wp\/v2\/product"}],"about":[{"href":"https:\/\/disijeans.com.co\/index.php?rest_route=\/wp\/v2\/types\/product"}],"replies":[{"embeddable":true,"href":"https:\/\/disijeans.com.co\/index.php?rest_route=%2Fwp%2Fv2%2Fcomments&post=4431"}],"wp:featuredmedia":[{"embeddable":true,"href":"https:\/\/disijeans.com.co\/index.php?rest_route=\/wp\/v2\/media\/4619"}],"wp:attachment":[{"href":"https:\/\/disijeans.com.co\/index.php?rest_route=%2Fwp%2Fv2%2Fmedia&parent=4431"}],"wp:term":[{"taxonomy":"product_brand","embeddable":true,"href":"https:\/\/disijeans.com.co\/index.php?rest_route=%2Fwp%2Fv2%2Fproduct_brand&post=4431"},{"taxonomy":"product_cat","embeddable":true,"href":"https:\/\/disijeans.com.co\/index.php?rest_route=%2Fwp%2Fv2%2Fproduct_cat&post=4431"},{"taxonomy":"product_tag","embeddable":true,"href":"https:\/\/disijeans.com.co\/index.php?rest_route=%2Fwp%2Fv2%2Fproduct_tag&post=4431"}],"curies":[{"name":"wp","href":"https:\/\/api.w.org\/{rel}","templated":true}]}}