{"id":5305,"date":"2024-10-25T16:05:25","date_gmt":"2024-10-25T21:05:25","guid":{"rendered":"https:\/\/disijeans.com.co\/?post_type=product&#038;p=5305"},"modified":"2024-12-02T11:22:33","modified_gmt":"2024-12-02T16:22:33","slug":"jean-pierna-ancha-recta-para-dama","status":"publish","type":"product","link":"https:\/\/disijeans.com.co\/?product=jean-pierna-ancha-recta-para-dama","title":{"rendered":"JEAN PIERNA ANCHA PARA DAMA TIRO ALTO"},"content":{"rendered":"<div class=\"flex max-w-full flex-col flex-grow\">\n<div class=\"min-h-8 text-message flex w-full flex-col items-end gap-2 whitespace-normal break-words [.text-message+&amp;]:mt-5\" dir=\"auto\" data-message-author-role=\"assistant\" data-message-id=\"dda5a8a0-f1c1-40ff-9934-40193ea6c497\" data-message-model-slug=\"gpt-4o\">\n<div class=\"flex w-full flex-col gap-1 empty:hidden first:pt-[3px]\">\n<div class=\"markdown prose w-full break-words dark:prose-invert dark\">\n<p>Jean pierna ancha para dama , tiro alto ajustado en cintura, con cinco bolsillos, pierna ancha, tela r\u00edgida, cremallera frontal y bot\u00f3n met\u00e1lico. Disponible en azul medio oscuro.<\/p>\n<p>Composici\u00f3n: 100% algod\u00f3n.<\/p>\n<p>La modelo mide: 1,68 m y esta usando talla 6.<\/p>\n<p>&nbsp;<\/p>\n<p>&nbsp;<\/p>\n<p>&nbsp;<\/p>\n<\/div>\n<\/div>\n<\/div>\n<\/div>\n","protected":false},"excerpt":{"rendered":"<div class=\"flex max-w-full flex-col flex-grow\">\n<div class=\"min-h-8 text-message flex w-full flex-col items-end gap-2 whitespace-normal break-words [.text-message+&amp;]:mt-5\" dir=\"auto\" data-message-author-role=\"assistant\" data-message-id=\"dda5a8a0-f1c1-40ff-9934-40193ea6c497\" data-message-model-slug=\"gpt-4o\">\n<div class=\"flex w-full flex-col gap-1 empty:hidden first:pt-[3px]\">\n<div class=\"markdown prose w-full break-words dark:prose-invert dark\">\n<p>Jean pierna ancha para dama , tiro alto ajustado en cintura, con cinco bolsillos, pierna ancha, tela r\u00edgida, cremallera frontal y bot\u00f3n met\u00e1lico. Disponible en azul medio oscuro.<\/p>\n<p>Composici\u00f3n: 100% algod\u00f3n.<\/p>\n<p>La modelo mide: 1,68 m y esta usando talla 6.<\/p>\n<p>&nbsp;<\/p>\n<p>&nbsp;<\/p>\n<p>Jean pierna ancha para dama, de tiro alto, cinco bolsillos, tela r\u00edgida y cintura ajustada.<\/p>\n<\/div>\n<\/div>\n<\/div>\n<\/div>\n<div class=\"mb-2 flex gap-3 empty:hidden -ml-2\">\n<div class=\"items-center justify-start rounded-xl p-1 flex\">\n<div class=\"flex items-center\">\n<p>&nbsp;<\/p>\n<div class=\"flex\"><\/div>\n<div class=\"flex items-center pb-0\"><\/div>\n<\/div>\n<\/div>\n<\/div>\n","protected":false},"featured_media":5309,"comment_status":"closed","ping_status":"closed","template":"","meta":[],"product_brand":[],"product_cat":[48,47,63,27,111,21,113],"product_tag":[],"class_list":{"0":"post-5305","1":"product","2":"type-product","3":"status-publish","4":"has-post-thumbnail","6":"product_cat-bota-ancha","7":"product_cat-bota-recta","8":"product_cat-culotte","9":"product_cat-jeans-y-pantalones","10":"product_cat-levanta-cola","11":"product_cat-mujer","12":"product_cat-pierna-ancha","14":"first","15":"instock","16":"shipping-taxable","17":"purchasable","18":"product-type-variable"},"_links":{"self":[{"href":"https:\/\/disijeans.com.co\/index.php?rest_route=\/wp\/v2\/product\/5305","targetHints":{"allow":["GET"]}}],"collection":[{"href":"https:\/\/disijeans.com.co\/index.php?rest_route=\/wp\/v2\/product"}],"about":[{"href":"https:\/\/disijeans.com.co\/index.php?rest_route=\/wp\/v2\/types\/product"}],"replies":[{"embeddable":true,"href":"https:\/\/disijeans.com.co\/index.php?rest_route=%2Fwp%2Fv2%2Fcomments&post=5305"}],"wp:featuredmedia":[{"embeddable":true,"href":"https:\/\/disijeans.com.co\/index.php?rest_route=\/wp\/v2\/media\/5309"}],"wp:attachment":[{"href":"https:\/\/disijeans.com.co\/index.php?rest_route=%2Fwp%2Fv2%2Fmedia&parent=5305"}],"wp:term":[{"taxonomy":"product_brand","embeddable":true,"href":"https:\/\/disijeans.com.co\/index.php?rest_route=%2Fwp%2Fv2%2Fproduct_brand&post=5305"},{"taxonomy":"product_cat","embeddable":true,"href":"https:\/\/disijeans.com.co\/index.php?rest_route=%2Fwp%2Fv2%2Fproduct_cat&post=5305"},{"taxonomy":"product_tag","embeddable":true,"href":"https:\/\/disijeans.com.co\/index.php?rest_route=%2Fwp%2Fv2%2Fproduct_tag&post=5305"}],"curies":[{"name":"wp","href":"https:\/\/api.w.org\/{rel}","templated":true}]}}