{"id":6052,"date":"2025-01-31T12:07:38","date_gmt":"2025-01-31T17:07:38","guid":{"rendered":"https:\/\/disijeans.com.co\/?post_type=product&#038;p=6052"},"modified":"2025-09-27T12:44:28","modified_gmt":"2025-09-27T17:44:28","slug":"pantalon-cargo-elastico-verde","status":"publish","type":"product","link":"https:\/\/disijeans.com.co\/?product=pantalon-cargo-elastico-verde","title":{"rendered":"Pantal\u00f3n Cargo"},"content":{"rendered":"<p>Pantal\u00f3n cargo el\u00e1stico, confeccionado en tela dril con elasticidad, ofrece un ajuste c\u00f3modo y favorecedor que se adapta a tu figura. Su silueta mom fit, su tiro medio-alto y largo tobillero, lo convierten en una opci\u00f3n vers\u00e1til para cualquier ocasi\u00f3n.<\/p>\n","protected":false},"excerpt":{"rendered":"<p>Pantal\u00f3n cargo momfit en dril con elasticidad \u2013 Comodidad y estilo en una sola prenda. Su silueta momfit, tiro medio-alto y largo tobillero lo hacen perfecto para un look vers\u00e1til y moderno.<\/p>\n","protected":false},"featured_media":6866,"comment_status":"closed","ping_status":"closed","template":"","meta":[],"product_brand":[],"product_cat":[27,47,53,80,21,22],"product_tag":[],"class_list":{"0":"post-6052","1":"product","2":"type-product","3":"status-publish","4":"has-post-thumbnail","6":"product_cat-jeans-y-pantalones","7":"product_cat-bota-recta","8":"product_cat-cargos","9":"product_cat-mom-fit","10":"product_cat-mujer","11":"product_cat-sales","13":"first","14":"instock","15":"sale","16":"shipping-taxable","17":"purchasable","18":"product-type-variable"},"_links":{"self":[{"href":"https:\/\/disijeans.com.co\/index.php?rest_route=\/wp\/v2\/product\/6052","targetHints":{"allow":["GET"]}}],"collection":[{"href":"https:\/\/disijeans.com.co\/index.php?rest_route=\/wp\/v2\/product"}],"about":[{"href":"https:\/\/disijeans.com.co\/index.php?rest_route=\/wp\/v2\/types\/product"}],"replies":[{"embeddable":true,"href":"https:\/\/disijeans.com.co\/index.php?rest_route=%2Fwp%2Fv2%2Fcomments&post=6052"}],"wp:featuredmedia":[{"embeddable":true,"href":"https:\/\/disijeans.com.co\/index.php?rest_route=\/wp\/v2\/media\/6866"}],"wp:attachment":[{"href":"https:\/\/disijeans.com.co\/index.php?rest_route=%2Fwp%2Fv2%2Fmedia&parent=6052"}],"wp:term":[{"taxonomy":"product_brand","embeddable":true,"href":"https:\/\/disijeans.com.co\/index.php?rest_route=%2Fwp%2Fv2%2Fproduct_brand&post=6052"},{"taxonomy":"product_cat","embeddable":true,"href":"https:\/\/disijeans.com.co\/index.php?rest_route=%2Fwp%2Fv2%2Fproduct_cat&post=6052"},{"taxonomy":"product_tag","embeddable":true,"href":"https:\/\/disijeans.com.co\/index.php?rest_route=%2Fwp%2Fv2%2Fproduct_tag&post=6052"}],"curies":[{"name":"wp","href":"https:\/\/api.w.org\/{rel}","templated":true}]}}