{"id":7131,"date":"2026-02-19T16:30:57","date_gmt":"2026-02-19T21:30:57","guid":{"rendered":"https:\/\/disijeans.com.co\/?post_type=product&#038;p=7131"},"modified":"2026-02-19T16:35:56","modified_gmt":"2026-02-19T21:35:56","slug":"jean-baggy-2","status":"publish","type":"product","link":"https:\/\/disijeans.com.co\/?product=jean-baggy-2","title":{"rendered":"JEAN BAGGY"},"content":{"rendered":"<p>Jean baggy en tono natural, confeccionado en tela r\u00edgida y fresca que aporta estructura y estilo. Tiro alto con 5 botones que estilizan la silueta y le dan un toque aut\u00e9ntico. Un b\u00e1sico con mucha personalidad.<\/p>\n","protected":false},"excerpt":{"rendered":"<p>Jean Baggy de tiro alto en tono natural, elaborado en tela r\u00edgida, liviana y c\u00f3moda. Cierre frontal con 5 botones que realzan el dise\u00f1o y elevan el look.<\/p>\n","protected":false},"featured_media":7065,"comment_status":"closed","ping_status":"closed","template":"","meta":[],"product_brand":[],"product_cat":[27,55,120,47,29],"product_tag":[],"class_list":{"0":"post-7131","1":"product","2":"type-product","3":"status-publish","4":"has-post-thumbnail","6":"product_cat-jeans-y-pantalones","7":"product_cat-baggy","8":"product_cat-baggy-jeans-y-pantalones","9":"product_cat-bota-recta","10":"product_cat-total-look-conjuntos-denim","12":"first","13":"instock","14":"shipping-taxable","15":"purchasable","16":"product-type-variable"},"_links":{"self":[{"href":"https:\/\/disijeans.com.co\/index.php?rest_route=\/wp\/v2\/product\/7131","targetHints":{"allow":["GET"]}}],"collection":[{"href":"https:\/\/disijeans.com.co\/index.php?rest_route=\/wp\/v2\/product"}],"about":[{"href":"https:\/\/disijeans.com.co\/index.php?rest_route=\/wp\/v2\/types\/product"}],"replies":[{"embeddable":true,"href":"https:\/\/disijeans.com.co\/index.php?rest_route=%2Fwp%2Fv2%2Fcomments&post=7131"}],"wp:featuredmedia":[{"embeddable":true,"href":"https:\/\/disijeans.com.co\/index.php?rest_route=\/wp\/v2\/media\/7065"}],"wp:attachment":[{"href":"https:\/\/disijeans.com.co\/index.php?rest_route=%2Fwp%2Fv2%2Fmedia&parent=7131"}],"wp:term":[{"taxonomy":"product_brand","embeddable":true,"href":"https:\/\/disijeans.com.co\/index.php?rest_route=%2Fwp%2Fv2%2Fproduct_brand&post=7131"},{"taxonomy":"product_cat","embeddable":true,"href":"https:\/\/disijeans.com.co\/index.php?rest_route=%2Fwp%2Fv2%2Fproduct_cat&post=7131"},{"taxonomy":"product_tag","embeddable":true,"href":"https:\/\/disijeans.com.co\/index.php?rest_route=%2Fwp%2Fv2%2Fproduct_tag&post=7131"}],"curies":[{"name":"wp","href":"https:\/\/api.w.org\/{rel}","templated":true}]}}