{"id":7138,"date":"2026-02-19T16:49:40","date_gmt":"2026-02-19T21:49:40","guid":{"rendered":"https:\/\/disijeans.com.co\/?post_type=product&#038;p=7138"},"modified":"2026-02-19T16:51:27","modified_gmt":"2026-02-19T21:51:27","slug":"jean-super-wide-leg-4","status":"publish","type":"product","link":"https:\/\/disijeans.com.co\/?product=jean-super-wide-leg-4","title":{"rendered":"Jean Super Wide Leg"},"content":{"rendered":"<p>Jean super wide leg en tela r\u00edgida con horma impecable que estiliza y estructura la silueta. Dise\u00f1o cl\u00e1sico de 5 bolsillos y detalle de pedrer\u00eda de alta calidad en la bota, resistente y duradera.<\/p>\n","protected":false},"excerpt":{"rendered":"<p>Super wide leg de ca\u00edda amplia y fit favorecedor. Confeccionado en tela r\u00edgida, 5 bolsillos funcionales y pedrer\u00eda premium en la bota que no se cae ni se desti\u00f1e. Impactante, sofisticado y diferente.<\/p>\n","protected":false},"featured_media":7076,"comment_status":"closed","ping_status":"closed","template":"","meta":[],"product_brand":[],"product_cat":[27,48,21,113],"product_tag":[],"class_list":{"0":"post-7138","1":"product","2":"type-product","3":"status-publish","4":"has-post-thumbnail","6":"product_cat-jeans-y-pantalones","7":"product_cat-bota-ancha","8":"product_cat-mujer","9":"product_cat-pierna-ancha","11":"first","12":"instock","13":"shipping-taxable","14":"purchasable","15":"product-type-variable"},"_links":{"self":[{"href":"https:\/\/disijeans.com.co\/index.php?rest_route=\/wp\/v2\/product\/7138","targetHints":{"allow":["GET"]}}],"collection":[{"href":"https:\/\/disijeans.com.co\/index.php?rest_route=\/wp\/v2\/product"}],"about":[{"href":"https:\/\/disijeans.com.co\/index.php?rest_route=\/wp\/v2\/types\/product"}],"replies":[{"embeddable":true,"href":"https:\/\/disijeans.com.co\/index.php?rest_route=%2Fwp%2Fv2%2Fcomments&post=7138"}],"wp:featuredmedia":[{"embeddable":true,"href":"https:\/\/disijeans.com.co\/index.php?rest_route=\/wp\/v2\/media\/7076"}],"wp:attachment":[{"href":"https:\/\/disijeans.com.co\/index.php?rest_route=%2Fwp%2Fv2%2Fmedia&parent=7138"}],"wp:term":[{"taxonomy":"product_brand","embeddable":true,"href":"https:\/\/disijeans.com.co\/index.php?rest_route=%2Fwp%2Fv2%2Fproduct_brand&post=7138"},{"taxonomy":"product_cat","embeddable":true,"href":"https:\/\/disijeans.com.co\/index.php?rest_route=%2Fwp%2Fv2%2Fproduct_cat&post=7138"},{"taxonomy":"product_tag","embeddable":true,"href":"https:\/\/disijeans.com.co\/index.php?rest_route=%2Fwp%2Fv2%2Fproduct_tag&post=7138"}],"curies":[{"name":"wp","href":"https:\/\/api.w.org\/{rel}","templated":true}]}}