{"id":7181,"date":"2026-02-27T14:56:02","date_gmt":"2026-02-27T19:56:02","guid":{"rendered":"https:\/\/disijeans.com.co\/?post_type=product&#038;p=7181"},"modified":"2026-02-27T14:56:13","modified_gmt":"2026-02-27T19:56:13","slug":"jean-slouchy","status":"publish","type":"product","link":"https:\/\/disijeans.com.co\/?product=jean-slouchy","title":{"rendered":"Jean Slouchy"},"content":{"rendered":"<p>Jean slouchy en tela r\u00edgida con detalle de corte delantero que estiliza y aporta dise\u00f1o. Silueta relajada, tiro c\u00f3modo y estructura definida. Disponible en dos tonos.<\/p>\n","protected":false},"excerpt":{"rendered":"<p>Denim slouchy de tela r\u00edgida con corte frontal que resalta la horma. Dise\u00f1o moderno, ajuste c\u00f3modo y acabado aut\u00e9ntico. Disponible en dos tonos vers\u00e1tiles.<\/p>\n","protected":false},"featured_media":7091,"comment_status":"closed","ping_status":"closed","template":"","meta":[],"product_brand":[],"product_cat":[47,27,21],"product_tag":[],"class_list":{"0":"post-7181","1":"product","2":"type-product","3":"status-publish","4":"has-post-thumbnail","6":"product_cat-bota-recta","7":"product_cat-jeans-y-pantalones","8":"product_cat-mujer","10":"first","11":"instock","12":"shipping-taxable","13":"purchasable","14":"product-type-variable"},"_links":{"self":[{"href":"https:\/\/disijeans.com.co\/index.php?rest_route=\/wp\/v2\/product\/7181","targetHints":{"allow":["GET"]}}],"collection":[{"href":"https:\/\/disijeans.com.co\/index.php?rest_route=\/wp\/v2\/product"}],"about":[{"href":"https:\/\/disijeans.com.co\/index.php?rest_route=\/wp\/v2\/types\/product"}],"replies":[{"embeddable":true,"href":"https:\/\/disijeans.com.co\/index.php?rest_route=%2Fwp%2Fv2%2Fcomments&post=7181"}],"wp:featuredmedia":[{"embeddable":true,"href":"https:\/\/disijeans.com.co\/index.php?rest_route=\/wp\/v2\/media\/7091"}],"wp:attachment":[{"href":"https:\/\/disijeans.com.co\/index.php?rest_route=%2Fwp%2Fv2%2Fmedia&parent=7181"}],"wp:term":[{"taxonomy":"product_brand","embeddable":true,"href":"https:\/\/disijeans.com.co\/index.php?rest_route=%2Fwp%2Fv2%2Fproduct_brand&post=7181"},{"taxonomy":"product_cat","embeddable":true,"href":"https:\/\/disijeans.com.co\/index.php?rest_route=%2Fwp%2Fv2%2Fproduct_cat&post=7181"},{"taxonomy":"product_tag","embeddable":true,"href":"https:\/\/disijeans.com.co\/index.php?rest_route=%2Fwp%2Fv2%2Fproduct_tag&post=7181"}],"curies":[{"name":"wp","href":"https:\/\/api.w.org\/{rel}","templated":true}]}}